 = 4*o - 6. What is the highest common divisor of m and g?
18
Suppose -46*r = -6*r - 16*r - 12864. Calculate the highest common factor of r and 144.
8
Let t = 76 - -63. Let n = -111 + t. Let r(i) = 8*i**3 + i**2 + 2*i - 2. Let k be r(2). What is the highest common factor of n and k?
14
Suppose -253*t = -5*q - 255*t + 33989, 3*q - 20385 = 3*t. Calculate the greatest common divisor of q and 7.
7
Let t be (-864)/(-4)*6/9. Let n(u) = 4*u**3 + 32*u**2 + 13*u + 3. Let s be n(-7). What is the greatest common divisor of t and s?
36
Suppose 27 = 2*j + r, 3*r + 2*r = -j + 27. Suppose 0 = -4*l + j. Suppose 0*i + 99 = 3*i. What is the highest common divisor of l and i?
3
Suppose 3*v - 3*f - 99 = -2*f, -3*v + 99 = -5*f. Let t(p) = -12*p + 67. Let i be t(-10). What is the greatest common factor of v and i?
11
Suppose -4 = -70*s + 68*s. Suppose s*d = 5*d + 3*d. Suppose d*z - z + 7 = 0. Calculate the highest common divisor of z and 63.
7
Suppose 207 = v + 2*v - 5*x, 0 = v - 3*x - 65. Let l = -33072 + 33405. What is the greatest common factor of l and v?
37
Suppose -6*q + 5 + 37 = 0. Suppose -q = -9*y + 74. Suppose -40 - 5 = -o. What is the highest common factor of o and y?
9
Let g(b) = 61*b - 11. Let i(l) = -l - 3. Let p(y) = g(y) - 4*i(y). Let t = 2 - 1. Let n be p(t). What is the highest common factor of 6 and n?
6
Let i = 8871 - 8776. What is the greatest common factor of i and 95?
95
Let t be 7 + 100 + (-2 - 6). What is the greatest common divisor of 231 and t?
33
Suppose 497 = -9*o + 2072. Let z = o + -174. Let n(q) = -q**2 + 4*q + 7. Let g be n(5). What is the greatest common factor of z and g?
1
Suppose 581*a - 12 = 579*a. Suppose a*b - 55 = 485. Let f = 29 - 19. Calculate the highest common factor of f and b.
10
Let p(o) = o**3 - 9*o**2 + 13*o - 20. Suppose 88*b - 91*b = -24. Let z be p(b). Let s be (-1)/((-3)/(-660)*-1). Calculate the highest common factor of s and z.
20
Suppose 30*v = 486 + 4374. What is the greatest common divisor of v and 234?
18
Let t = -90 - -3450. Suppose 6*k = 34*k - t. What is the highest common factor of 280 and k?
40
Let j = 28 + -10. Let d = 2240 + -1754. What is the greatest common divisor of d and j?
18
Suppose 0 = -3454*p + 3449*p - 315. Let a = p - -111. Calculate the highest common divisor of 320 and a.
16
Let m be ((4 - 3) + -2)/((-5)/(-885)). Let i = 528 + m. Suppose -2*t - 2*d + 16 + 68 = 0, 2*d = 6. What is the greatest common divisor of t and i?
39
Let b be (-12)/(-8) + -12 + (-14964)/(-8). Calculate the greatest common divisor of 496 and b.
124
Let p be (1 - -3)/(4/(-6)). Let n be ((-52)/p)/(6/9). Suppose -x = 4, -39 = -5*g + 3*x + 298. What is the greatest common factor of n and g?
13
Let u = -1578 + 1586. What is the highest common divisor of 1544 and u?
8
Suppose w - 3*l = 129, -3*l - 1076 = 5*w - 1595. What is the greatest common factor of w and 3834?
54
Let c = -787 + 831. Let h(n) = -n**3 + 5*n**2 + n + 3. Let y be h(5). Let u be y + (-4)/((-8)/6). Calculate the highest common divisor of u and c.
11
Suppose -155*p + 51*p = -3744. What is the highest common factor of p and 19674?
18
Let u = 816 - -196. Calculate the greatest common factor of 110 and u.
22
Let c(p) = 16*p**2 - 56*p + 5. Let x be c(7). Let u = 478 - x. What is the greatest common factor of 297 and u?
27
Suppose -4*k + 15 = 3. Suppose -j - 7 = -k*j - n, j + 3*n - 6 = 0. Suppose t + 31 = 43. Calculate the greatest common divisor of j and t.
3
Suppose -57*d - 21350 = -104798. What is the greatest common divisor of d and 4?
4
Let m = 697 - 334. What is the highest common divisor of m and 99?
33
Suppose 4*g + v - 141 = 220, 4*g = 3*v + 357. What is the highest common divisor of 6570 and g?
90
Let x be 273/(-34 - -39 - -2 - (5 + -1)). Suppose -9 - 17 = -2*j. Suppose h = -0*h + j. What is the greatest common divisor of h and x?
13
Let o be 6 - ((-24)/(-2))/(12/(-9)). Let j = -9 - -54. Calculate the greatest common factor of j and o.
15
Let q(l) = l**3 - 38*l**2 - 266*l + 175. Let v be q(44). Let x be 6/2 + 690 + 3. Calculate the highest common divisor of x and v.
87
Let n(d) = -17 - d**2 + 2*d**2 + 28 + 7*d. Let a be n(-6). Suppose -18 = -2*b + 2*k, -a*b + k + 60 = 3. Calculate the highest common factor of b and 108.
12
Suppose 5*r + 3*z - 210 = 0, 0*r + 5*z = -2*r + 84. Suppose 30 + 33 = 2*m + 3*f, 0 = 2*m + f - 53. Calculate the highest common factor of r and m.
6
Suppose 0 = -26*n - 63 + 319 + 836. What is the greatest common factor of 312 and n?
6
Let k(v) = -14*v + 6. Let a be k(-3). Let r = -39 - -26. Let c = 11 - r. What is the highest common divisor of a and c?
24
Let z = 130 + 15. Suppose -2076 = -15*k - 748 + 1282. What is the highest common factor of k and z?
29
Let q be (-120)/(-4860) + (-563345)/(-405). What is the highest common factor of 4280 and q?
107
Let x be (-4)/(-18) + 64031/99. Let t = x + -611. What is the highest common factor of t and 12?
12
Suppose 0*w - 6 = -2*w. Suppose w*z + 5 = 35. Let j be (-9 + (-166)/6)/((2/3)/(-2)). Calculate the highest common factor of j and z.
10
Suppose 4*k + 2*p + 0*p = 448, 336 = 3*k - 5*p. Let f = 91 + -89. Suppose -3*d - 29 = -2*t, 3*d = f*d + 1. What is the greatest common divisor of k and t?
16
Let s(w) be the second derivative of w**5/20 - 7*w**4/4 - 10*w**3/3 + 25*w**2/2 - 4*w - 8. Let d be s(22). What is the highest common factor of d and 23?
23
Let d = 10245 - 10103. Calculate the greatest common divisor of d and 22.
2
Suppose 0 = -5*w - 4*z + 1030, 29*z - 27*z = -10. Calculate the greatest common divisor of w and 115.
5
Let q = 2971 + -2967. What is the highest common factor of q and 2524?
4
Suppose 11*o + 126 = 852. Suppose -y - 2*z + o = -0*z, -y + 2*z = -54. Calculate the highest common divisor of y and 36.
12
Suppose -16196*t + 16167*t = -725. Let l be (15/(-6))/(2/(-340)). Calculate the greatest common factor of t and l.
25
Suppose 0 = 35*j - 40*j + 170. Suppose -b + 26 = -a, 0*b + a - j = -b. Calculate the greatest common divisor of b and 150.
30
Suppose r - 13 = 28. Let d(y) = 2*y + 17. Let f be d(0). Let t = r - f. What is the highest common divisor of 36 and t?
12
Let b = 121 + -104. Let i(g) = -g**2 + 20*g - 18. Let h be i(b). What is the greatest common factor of h and 11?
11
Suppose -112 = -4*p - 10*p. Suppose 0 = 15*r - 19*r + p. Suppose -3*a = -0*f + r*f - 134, 190 = 4*a - 3*f. Calculate the highest common factor of a and 23.
23
Let p(j) = 281*j**2 - 1097*j - 9964. Let n be p(-9). Calculate the highest common factor of n and 10.
10
Suppose -56*i - 43 = -58*i + 5*g, -5*g + 5 = 0. Calculate the greatest common divisor of i and 6216.
24
Let l = 1 - -1. Suppose 2*k = 4*k - l. Suppose v + 2*j = k - 6, -2*j + 4 = 4*v. What is the greatest common factor of v and 9?
3
Let y(m) = 78*m - 6. Let i be y(2). Suppose 0 = 12*s - 17*s + i. Calculate the greatest common factor of 135 and s.
15
Let s(u) = -24*u + 26. Let g be s(0). Suppose -33*c + 14 = -g*c. What is the highest common factor of c and 122?
2
Let b be (15/(-9) - -2)/((-1)/(-597)). Suppose -958 = -13*v + b. Let w = v - 78. What is the greatest common divisor of w and 143?
11
Let m(r) be the second derivative of r**5/20 + 4*r**4/3 + 11*r**3/6 - 19*r**2/2 - 2*r - 38. Let d be m(-15). Calculate the greatest common divisor of d and 164.
41
Let g(d) = -82*d - 806. Let w be g(-10). Calculate the highest common factor of w and 3402.
14
Let z be 5282/15 - (-4)/6*(-38)/190. What is the highest common divisor of z and 748?
44
Suppose -16*q = -12*q - 4*n + 412, q - 4*n + 118 = 0. Let h be (-14)/q - 160/(-7). What is the greatest common factor of 207 and h?
23
Let y(t) = -t**2 + 14*t + 1. Let b be y(14). Let j be 3/((81/198)/(6*b)). Suppose -4*r + j + 40 = 0. Calculate the highest common divisor of r and 63.
21
Suppose -182*m + 1484 - 184 = -8164. What is the greatest common divisor of 5330 and m?
26
Let w(h) = h**2 + 28*h + 131. Let x be w(-32). Suppose -11 = 2*a + 2*g - 33, 24 = 4*a - g. What is the greatest common divisor of a and x?
7
Let g(q) = q**2 + 1. Let n(t) = -t**2 + 2*t + 19. Let z(s) = 3*g(s) - n(s). Let r be z(9). Calculate the greatest common factor of r and 58.
58
Suppose -3*r + 195 = j, -2*j - 6 = -5*r - 451. Calculate the highest common factor of 105 and j.
105
Let d be 11*-3*(-22)/2 - -5. Suppose -9*c - d = -25*c